- 29*s**2 - 14*s - 15. Determine j(15).
0
Let r(s) = s**3 - 9*s**2 + 13*s + 1. Determine r(3).
-14
Let o(m) = -m**3 + 31*m**2 + 30*m - 2. What is o(32)?
-66
Let g(s) = -431*s - 2624. Give g(-6).
-38
Let g(w) = 171*w - 2201. Determine g(13).
22
Let o(u) = -u**3 + 5*u**2 - 6*u + 8. Calculate o(4).
0
Let v(m) = m**3 - 8*m**2 - 3*m + 68. Determine v(4).
-8
Let p(n) = 140*n - 852. Calculate p(6).
-12
Let m(o) = 2*o**3 - 5*o**2 - 74*o - 17. Determine m(-6).
-185
Let q(o) = 4*o**2 + 503*o - 1011. What is q(2)?
11
Let i(h) = 2*h**2 - 97*h + 204. Give i(2).
18
Let m(o) = o**3 + 7*o**2 - 21*o - 20. Determine m(-8).
84
Let u(m) = 2735*m + 16428. Give u(-6).
18
Let s(m) = m**2 + 64*m + 58. Calculate s(-59).
-237
Let v(o) = -1436*o + 17233. What is v(12)?
1
Let f(l) = -234*l - 1432. Give f(-8).
440
Let g(x) = x**3 - 137*x**2 - 283*x + 896. Calculate g(139).
201
Let z(j) = -170*j + 986. Give z(13).
-1224
Let i(v) = 98*v - 7. Give i(3).
287
Let q(a) = 4*a**2 + 578*a - 2322. Calculate q(4).
54
Let q(d) = -d**2 - d + 56. What is q(-14)?
-126
Let x(v) = -17*v**3 + 36*v**2 - 12*v + 14. Determine x(2).
-2
Let s(t) = -t**3 - 23*t**2 + 287*t - 5. Determine s(-32).
27
Let i(a) = -2*a**2 + 30*a + 92. Give i(-4).
-60
Let w(t) = -16*t + 76. Calculate w(13).
-132
Let u(z) = -7*z**2 + 398*z - 118. Give u(56).
218
Let g(w) = 87*w - 379. What is g(9)?
404
Let x(g) = 1196*g - 49060. Determine x(41).
-24
Let u(n) = 78*n - 821. Calculate u(16).
427
Let n(l) = -2*l + 232. Give n(32).
168
Let p(l) = -8*l**3 + 3*l**2 - 6*l + 5. What is p(1)?
-6
Let p(y) = 6*y - 63. Give p(11).
3
Let z(g) = g**3 - 6*g**2 - 7*g - 23. Determine z(8).
49
Let u(l) = 13*l - 246. Calculate u(19).
1
Let l(h) = 18*h + 917. Give l(-51).
-1
Let f(x) = 1112*x + 5633. What is f(-5)?
73
Let s(c) = -2*c**2 + 293*c - 3113. Give s(135).
-8
Let m(u) = -2*u**3 + 33*u**2 + 15*u + 65. Give m(17).
31
Let g(n) = -19*n**2 + 2*n + 5. What is g(4)?
-291
Let j(v) = -v**3 - 58*v**2 + 452*v - 181. What is j(-65)?
14
Let d(x) = -113*x - 3180. What is d(-28)?
-16
Let d(l) = -2*l**2 + 121*l + 2529. Calculate d(77).
-12
Let k(b) = 111*b - 337. Determine k(5).
218
Let h(g) = g**2 - 27*g + 92. Give h(23).
0
Let a(g) = 1508*g + 12056. Calculate a(-8).
-8
Let g(n) = 14*n**2 + 7*n + 28. What is g(-4)?
224
Let g(h) = h**3 - 14*h**2 - 105*h - 11. Determine g(-5).
39
Let c(k) = -4*k**3 + 133*k**2 - 36*k + 103. Calculate c(33).
4
Let k(i) = 925*i + 6402. Determine k(-7).
-73
Let z(h) = -14*h**3 + h**2 + 3*h - 4. Give z(1).
-14
Let j(m) = -7*m**2 + 6*m + 103. Calculate j(5).
-42
Let l(h) = h**2 - 8*h - 76. Give l(-7).
29
Let z(s) = -2*s**2 + 77*s - 722. Calculate z(16).
-2
Let n(o) = o**2 - 560*o + 9744. Determine n(18).
-12
Let f(p) = -5*p**2 + 229*p - 86. Calculate f(43).
516
Let l(x) = -25*x**2 - 379*x - 44. Calculate l(-15).
16
Let k(v) = 51*v - 44. What is k(-1)?
-95
Let c(g) = 77*g - 230. Determine c(9).
463
Let j(q) = q**2 - 97*q + 1335. Calculate j(80).
-25
Let h(i) = 5*i**2 - 7*i - 152. Give h(15).
868
Let p(n) = 27*n + 2266. Calculate p(-94).
-272
Let i(p) = 2*p**2 + 109*p - 1079. Give i(-63).
-8
Let a(d) = 69*d + 1577. Determine a(-23).
-10
Let g(l) = -17*l - 1169. Determine g(-66).
-47
Let t(c) = -4*c**2 + 84*c + 194. Calculate t(23).
10
Let p(q) = 37*q + 1129. Give p(-27).
130
Let a(g) = -g**2 - g + 45. Give a(0).
45
Let i(r) = -467*r + 1894. Give i(4).
26
Let n(t) = -8*t**2 - 102*t + 99. Calculate n(-13).
73
Let v(t) = -2*t**2 - 388*t + 1570. Calculate v(4).
-14
Let m(t) = -4*t**2 - 57*t - 6. Give m(0).
-6
Let a(t) = 10*t + 998. Give a(-100).
-2
Let p(u) = -1046*u - 52313. Give p(-50).
-13
Let o(v) = -2*v**3 - 41*v**2 - 65*v - 160. What is o(-19)?
-8
Let q(s) = -3*s**2 - 93*s + 73. What is q(-35)?
-347
Let p(k) = -k**2 + 32*k - 146. Give p(21).
85
Let o(g) = 123*g + 152. Give o(-2).
-94
Let l(f) = 7*f**3 + 15*f**2 - 36*f - 10. Calculate l(-5).
-330
Let p(o) = o**3 + 6*o**2 + 2*o + 21. Determine p(-5).
36
Let r(q) = -2*q**2 + 5*q + 133. Calculate r(-7).
0
Let p(k) = 43*k - 905. Determine p(17).
-174
Let t(p) = -p**3 - 13*p**2 + 6*p + 34. Determine t(-14).
146
Let o(n) = 5*n**2 + 95*n + 705. What is o(-8)?
265
Let v(y) = -y**2 - 534*y - 5234. What is v(-10)?
6
Let d(c) = 18*c**2 + 629*c - 7. What is d(-35)?
28
Let v(k) = -23*k**2 - 880*k - 235. Calculate v(-38).
-7
Let s(f) = f**2 + 8654*f + 34601. Determine s(-4).
1
Let r(v) = v**2 - 120*v + 353. Give r(3).
2
Let h(u) = u**3 - 21*u**2 - 34*u + 1068. Determine h(20).
-12
Let d(j) = 986*j - 35478. Determine d(36).
18
Let u(i) = 2*i**2 + 113*i + 1498. Determine u(-21).
7
Let d(i) = 2*i - 548. Determine d(27).
-494
Let k(y) = -y**3 + y**2 - 23*y + 83. Calculate k(3).
-4
Let r(l) = l**3 + 52*l**2 - 159*l - 187. What is r(-55)?
-517
Let t(m) = 27*m - 110. Calculate t(11).
187
Let x(g) = -128*g + 140. Determine x(2).
-116
Let b(u) = -u**2 + 34*u + 91. Calculate b(36).
19
Let l(c) = -c**2 + 477*c - 10023. Calculate l(22).
-13
Let b(l) = -2*l**3 + l**2 - 6*l + 6. Calculate b(3).
-57
Let j(b) = 142*b + 4262. Determine j(-30).
2
Let h(o) = -2*o**2 - 58*o - 332. What is h(-6)?
-56
Let o(c) = -c**3 + 65*c - 173. Determine o(3).
-5
Let m(d) = 2*d**2 + 1021*d + 14869. Calculate m(-15).
4
Let o(z) = -24*z - 95. Determine o(6).
-239
Let o(t) = -3*t**2 + 60*t + 463. Calculate o(-6).
-5
Let p(t) = -13*t**2 - 128*t + 260. What is p(2)?
-48
Let i(p) = -4*p**2 - 136*p + 133. Calculate i(-35).
-7
Let z(h) = 5*h**2 + 333*h + 2401. Give z(-7).
315
Let i(u) = -22*u**2 - 14*u + 36. Calculate i(3).
-204
Let b(i) = -145*i - 584. What is b(-4)?
-4
Let w(n) = -n**3 + 37*n**2 + 158*n + 226. What is w(41)?
-20
Let o(a) = 11667*a + 46664. Give o(-4).
-4
Let n(a) = 2*a**3 + 2*a**2 + 91*a. Give n(0).
0
Let p(l) = 2*l**2 - 40*l - 113. Give p(30).
487
Let o(v) = -v**3 + 16*v**2 - 8*v + 27. What is o(16)?
-101
Let c(m) = -m**2 - 95*m + 4531. Calculate c(35).
-19
Let x(i) = -4*i**2 - 180*i - 614. Determine x(-4).
42
Let b(x) = -x**2 + 227*x + 1353. What is b(-6)?
-45
Let g(m) = -8*m**3 - 9*m**2 - 20*m - 13. Determine g(-3).
182
Let i(z) = 2*z**3 - 5*z**2 - 13*z + 28. What is i(2)?
-2
Let v(s) = -46*s**2 + 113*s - 3. Determine v(2).
39
Let y(t) = -9744*t - 29226. Give y(-3).
6
Let s(o) = 58*o**2 - 2*o - 1. Determine s(1).
55
Let s(k) = 2*k**3 - 16*k**2 - 6*k - 21. Give s(6).
-201
Let y(u) = -87*u**2 + 18708*u - 656. Give y(215).
-11
Let a(m) = -m**2 - 27*m - 141. Give a(-28).
-169
Let z(b) = -b**3 - 35*b**2 - 297*b - 81. What is z(-14)?
-39
Let j(y) = 70*y + 566. Give j(-7).
76
Let k(i) = -11*i - 1374. Determine k(-109).
-175
Let k(o) = -31*o + 324. Give k(28).
-544
Let h(x) = x**3 + 32*x**2 - 28*x + 22. Calculate h(-33).
-143
Let u(w) = -w**3 + 36*w**2 + 33*w + 113. What is u(37)?
-35
Let k(a) = 2*a**3 + 100*a**2 + 93*a - 229. What is k(-49)?
16
Let j(r) = 2*r**3 + 42*r**2 + 5*r + 140. Calculate j(-21).
35
Let w(l) = -2*l**3 - 18*l**2 - 10*l - 20. Calculate w(-5).
-170
Let r(i) = 3*i**2 - 106*i - 910. Give r(42).
-70
Let z(o) = 12*o - 175. Calculate z(-8).
-271
Let h(p) = -25*p - 14. What is h(-2)?
36
Let l(r) = 2*r**2 + 46*r + 225. Give l(-15).
-15
Let i(v) = v**3 - 43*v**2 + 28*v - 1151. Determine i(43).
53
Let v(j) = -3*j**3 - 32*j**2 + 87*j - 43. Calculate v(-13).
9
Let u(g) = 4*g**2 - 398*g + 212. Determine u(99).
14
Let y(v) = -v**2 - 35*v - 86. Give y(-33).
-20
Let z(l) = -142*l - 9788. Give z(-69).
10
Let y(f) = 8*f - 75. Calculate y(4).
-43
Let v(a) = -a**3 - a**2 + a - 132. Determine v(0).
-132
Let d(j) = j**2 - 6*j - 181. Determine d(17).
6
Let g(s) = -s**3 - 7*s**2 + 7*s + 3. Determine g(-8).
11
Let q(r) = -512*r - 1018. What is q(-2)?
6
Let y(v) = 14*v + 266. Determine y(-14).
70
Let y(k) = 2*k**2 + 22*k - 496. Give y(-28).
456
Let m(v) = v**3 - 15*v**2 + 62*v + 3. Determine m(6).
51
Let w(i) = i**3 - 78*i**2 - 14*i + 1087. Determine w(78).
-5
Let t(a) = -574*a - 23536. Calculate t(-41).
-2
Let s(f) = 2*f**2 - 46*f + 117. Give s(23).
117
Let m(x) = x**3 - 3*x**2 - 4*x + 10. Give m(-2).
-2
Let p(c) = -4*c**3 - 3*c**2 - 3*c - 16. Calculate p(-3).
74
Let o(f) = f**3 + 8*f**2 + 74*f + 481. Determine o(-7).
12
Let o(k) = -k**3 + k**2 + 92*k + 27. Determine o(-9).
9
Let p(d) = 338*d - 718. Calculate p(2).
-42
Let k(x) = x**3 - x**2 - 10*x - 101. Give k(0).
-101
Let g(m) = -m**3 - 25*m**2 + 8*m - 95. Wh